72a2 (base 11) to base 7.
-40124
Convert -140e (base 16) to base 11.
-3948
-787 (base 10) to base 5
-11122
What is 5a01 (base 11) in base 7?
31635
What is -3c6 (base 15) in base 8?
-1535
-1021010110 (base 3) to base 7
-132351
792 (base 13) to base 2
10100010110
Convert -1312 (base 14) to base 11.
-2574
Convert 1120200222 (base 3) to base 5.
1444010
-10001110110010 (base 2) to base 9
-13473
What is -1210021 (base 3) in base 10?
-1303
Convert -84364 (base 9) to base 6.
-1105521
Convert -53f (base 16) to base 6.
-10115
What is -5a (base 14) in base 16?
-50
Convert 1b4 (base 15) to base 11.
329
15344 (base 6) to base 4
213100
What is 31252 (base 8) in base 12?
760a
What is 31131 (base 5) in base 14?
a5b
Convert -7682 (base 14) to base 8.
-50022
What is -151d (base 16) in base 14?
-1d81
16636 (base 9) to base 13
52a1
108 (base 15) to base 3
22122
Convert 12416 (base 10) to base 9.
18025
What is 236 (base 7) in base 3?
11122
What is -1300310 (base 4) in base 10?
-7220
Convert -142 (base 12) to base 14.
-dc
Convert -13676 (base 8) to base 14.
-2302
Convert -133a (base 11) to base 7.
-5031
ab (base 13) to base 14
a1
102002012 (base 3) to base 5
224303
Convert -79 (base 10) to base 15.
-54
Convert 869 (base 11) to base 4.
100103
Convert 450320 (base 6) to base 7.
214632
What is -1301 (base 4) in base 5?
-423
Convert 531 (base 10) to base 13.
31b
Convert -333 (base 6) to base 7.
-243
What is -a7 (base 13) in base 6?
-345
Convert -30457 (base 11) to base 15.
-d299
15824 (base 9) to base 7
43465
c7b4 (base 13) to base 8
66056
What is -67367 (base 8) in base 13?
-cc12
What is -1503 (base 8) in base 6?
-3511
-468 (base 14) to base 12
-610
Convert -2231 (base 4) to base 8.
-255
Convert 100101000 (base 2) to base 11.
24a
What is 850 (base 11) in base 10?
1023
Convert bce (base 16) to base 3.
11010221
What is 1a46 (base 11) in base 6?
15555
-11230 (base 4) to base 14
-1c0
Convert -15793 (base 10) to base 2.
-11110110110001
Convert 776 (base 10) to base 9.
1052
Convert 30112 (base 4) to base 15.
37a
-379 (base 12) to base 2
-1000001101
What is 3e1 (base 16) in base 5?
12433
What is -53501 (base 8) in base 16?
-5741
Convert -111100000100 (base 2) to base 13.
-1999
7154 (base 8) to base 10
3692
Convert -2320121 (base 4) to base 7.
-46256
What is -207 (base 12) in base 13?
-199
Convert -11022 (base 14) to base 8.
-120346
What is -319 (base 15) in base 9?
-856
-1899 (base 15) to base 4
-1103013
Convert 2199 (base 13) to base 12.
2869
Convert 12312320 (base 4) to base 10.
28088
111010 (base 5) to base 3
12022201
What is -109 (base 12) in base 13?
-ba
Convert -11064 (base 7) to base 2.
-101011100110
Convert 4b5b (base 12) to base 5.
233232
Convert 122000 (base 3) to base 9.
560
12404 (base 6) to base 8
3524
Convert 2012202 (base 3) to base 6.
11245
-2739 (base 15) to base 10
-8379
What is -1514 (base 6) in base 11?
-33a
Convert 23045 (base 7) to base 16.
16e8
6351 (base 7) to base 15
9e6
1b21 (base 14) to base 3
20202120
-a801 (base 12) to base 6
-221201
Convert 5f4 (base 16) to base 11.
1166
-3059 (base 16) to base 12
-71b5
Convert -551 (base 7) to base 4.
-10121
-23822 (base 9) to base 16
-3e69
-4214 (base 5) to base 3
-202201
What is -15704 (base 8) in base 12?
-4144
Convert 22301 (base 5) to base 6.
11144
11590 (base 12) to base 5
1221132
What is -16134 (base 7) in base 2?
-1000110110101
Convert 354 (base 11) to base 13.
266
Convert -261533 (base 7) to base 4.
-23313320
What is -1011011110001101 (base 2) in base 5?
-3000424
101011110100 (base 2) to base 3
10211212
Convert 3d0 (base 14) to base 3.
1001112
Convert -246 (base 10) to base 3.
-100010
a3 (base 14) to base 4
2033
-3342 (base 5) to base 4
-13120
What is -111101111010011 (base 2) in base 8?
-75723
133 (base 10) to base 5
1013
18b2 (base 13) to base 11
2859
Convert -420 (base 10) to base 4.
-12210
What is 320 (base 6) in base 9?
143
What is -1a2 (base 12) in base 5?
-2031
What is 2012200122 (base 3) in base 15?
cd5e
Convert a5 (base 13) to base 2.
10000111
-14c5 (base 15) to base 14
-18a8
What is 1223 (base 15) in base 14?
1598
What is -362523 (base 7) in base 13?
-23c28
What is -1540 (base 8) in base 5?
-11424
Convert 1915 (base 15) to base 4.
1110230
Convert 10c6 (base 16) to base 4.
1003012
What is -199b (base 12) in base 2?
-110001000111
What is 6206 (base 7) in base 3?
2222002
Convert -1122111002 (base 3) to base 8.
-77255
13484 (base 12) to base 15
7d31
Convert -1676 (base 8) to base 2.
-1110111110
-120114 (base 5) to base 12
-2675
Convert 12a (base 15) to base 5.
2030
What is 6765 (base 9) in base 7?
20402
Convert -15302 (base 6) to base 11.
-1960
Convert 15270 (base 10) to base 3.
202221120
What is -65614 (base 7) in base 4?
-10000222
Convert -1678 (base 12) to base 6.
-20232
What is -5128 (base 10) in base 8?
-12010
Convert -1722 (base 12) to base 2.
-101011001010
Convert -10121 (base 6) to base 7.
-3631
-4868 (base 10) to base 13
-22a6
-47 (base 9) to base 2
-101011
Convert -313000 (base 4) to base 7.
-13156
1956 (base 10) to base 16
7a4
Convert 286 (base 16) to base 11.
538
-27a8 (base 13) to base 16
-1653
-568 (base 12) to base 5
-11200
What is -e47 (base 16) in base 7?
-13441
Convert -13211110 (base 4) to base 10.
-31060
-1000111010010001 (base 2) to base 9
-55052
15663 (base 7) to base 8
10547
110122012 (base 3) to base 16
23fc
442 (base 5) to base 6
322
What is 14605 (base 11) in base 15?
61eb
Convert 4582 (base 15) to base 4.
3212123
-11132 (base 5) to base 16
-318
-452 (base 10) to base 9
-552
What is -11154 (base 8) in base 12?
-2890
529 (base 11) to base 16
27c
What is 8356 (base 12) in base 15?
439c
Convert 1023011 (base 4) to base 6.
34125
What is -624 (base 8) in base 13?
-251
-496 (base 12) to base 15
-310
-d1 (base 14) to base 10
-183
Convert -16530 (base 8) to base 4.
-1311120
Convert 2849 (base 15) to base 12.
4ba3
What is -386 (base 13) in base 7?
-1541
3278 (base 15) to base 14
3c76
What is -505 (base 16) in base 5?
-20120
What is 1010110011 (base 2) in base 6?
3111
What is 6646 (base 8) in base 3?
11210102
What is -1365 (base 7) in base 6?
-2253
Convert -1011011111100 (base 2) to base 5.
-142014
What is -1001213 (base 4) in base 10?
-4199
What is 103 (base 16) in base 4?
10003
-210002102 (base 3) to base 6
-155102
Convert -5024 (base 9) to base 6.
-24551
What is -235 (base 7) in base 13?
-97
Convert 6772 (base 8) to base 3.
11220112
What is -10b2 (base 15) in base 16?
-dd6
21020202 (base 3) to base 15
1875
What is 440a (base 13) in base 6?
111510
84 (base 11) to base 3
10102
1232 (base 9) to base 10
920
Convert -200303 (base 4) to base 14.
-a9d
What is -131 (base 6) in base 15?
-3a
-6377 (base 10) to base 9
-8665
Convert 76b (base 12) to base 7.
3116
-1443 (base 5) to base 16
-f8
-124 (base 9) to base 7
-205
ed7 (base 16) to base 2
111011010111
-1303 (base 8) to base 3
-222012
-2068 (base 12) to base 9
-4758
Convert -13023 (base 4) to base 16.
-1cb
-da0 (base 14) to base 7
-10560
Convert -60 (base 14) to base 9.
-103
What is -102201 (base 4) in base 3?
-1121220
What is 2858 (base 10) in base 15?
ca8
185 (base 11) to base 3
21221
What is -1027 (base 9) in base 5?
-11004
What is 79 (base 12) in base 11?
85
Convert -141411 (base 6) to base 3.
-200021121
What is -2504 (base 13) in base 3?
-21012012
Convert -13ba (base 13) to base 11.
-2168
What is 1111001 (base 2) in base 5?
441
42 (base 14) to base 13
46
Convert -415 (base 11) to base 7.
-1313
861 (base 10) to base 7
2340
-100111 (base 3) to base 10
-256
Convert -20a6a (base 11) to base 9.
-45834
-102c2 (base 15) to base 3
-2121022102
1100111 (base 2) to base 8
147
Convert -1215 (base 6) to base 15.
-14e
Convert -2b0 (base 16) to base 6.
-3104
167175 (base 8) to base 9
102666
Convert -500 (base 7) to base 9.
-302
What is -5903 (base 12) in base 13?
-46a7
Convert 20310 (base 4) to base 16.
234
Convert 9c44 (base 15) to base 2.
1000000101110011
Convert 486 (base 9) to base 15.
1bc
Convert -2414 (base 10) to base 9.
-3272
3012 (base 6) to base 4
22100
Convert -330a (base 12) to base 7.
-22255
What is 1001110110 (base 2) in base 10?
630
26732 (base 11) to base 16
9506
Convert 1201434 (base 5) to base 4.
11121213
Convert -bc (base 14) to base 9.
-204
-811 (base 9) to base 12
-46a
Convert -8811 (base 9) to base 3.
-22220101
110201 